6)?
9
Let h(f) = -7*f - 1. Let b(g) = 2*g**2 + 3*g + 1. Let v be b(-2). Suppose -2*q - 2 = 0, -5*z = -z - 2*q + 14. Let l = z + v. Calculate h(l).
6
Let d(m) = -m**3 - 4*m**2 - m. Suppose -3*w + w + 3*t = -21, -4*w + 5*t = -39. Let f be (-4)/w*(-12)/(-2). Calculate d(f).
4
Let y = -1 + 1. Suppose 0 = 5*z - y*w + 4*w + 10, -z = 5*w + 23. Let f(t) be the third derivative of t**4/8 - t**3/2 - 38*t**2. Calculate f(z).
3
Let o(x) = 9*x. Let z be o(-1). Let w be 2/z - (-4)/18. Let q(m) be the second derivative of m**5/20 - m**3/6 + 3*m. What is q(w)?
0
Let s be -1 + -1 + (-1 - 1). Suppose g - 10 = -12. Let w = g - s. Let r(n) = 3*n**2 - 3*n + 1. Calculate r(w).
7
Let g(n) = n**3 + 3*n**2 - 4*n + 1. Let t = 8 - -2. Let i be (-2)/5 - 36/t. Determine g(i).
1
Let q(g) = -g**3 - 6*g**2 - 4*g + 7. Let u be q(-5). Let j(z) = 1 - 4*z + 5*z + z - z + z**u. Determine j(0).
1
Let v = -25 - -23. Let a(q) = 3 + q**3 + 3*q**2 + 2*q - 6*q**2 + 4*q**2. Give a(v).
-5
Let v = -581 - -583. Let x(a) = -a + 5. Let m be (8/6)/((-1)/3). Let z(j) = -6. Let t(h) = m*x(h) - 3*z(h). Determine t(v).
6
Let u = 55 + -47. Let w(c) = -c + 10. Calculate w(u).
2
Let z(u) = -u**2 - 3*u + 3. Suppose -4*v - l + 117 = 0, 0 = 3*v - 5*v - 3*l + 51. Suppose -b - 4*b + v = 0. Let q = -9 + b. What is z(q)?
3
Let c = 62 - 61. Let m(o) = -8*o**2 + 2*o + 1. Let y(t) = 32*t**2 - 9*t - 4. Let a(s) = 9*m(s) + 2*y(s). Give a(c).
-7
Let r be (-30)/(-50) + 4/10. Let d(w) = 0 + 0*w + 4*w + 9*w - r. Give d(-1).
-14
Let s(g) = -4*g - 9*g**2 + 6*g**3 + 5*g - 22 - 3. Let h(o) = o**3 - 2*o**2 - 5. Let r(l) = 11*h(l) - 2*s(l). Suppose -2*w - 20 = 3*w. Determine r(w).
3
Let y(f) = -f**3 - 2*f**2 + 3*f + 3. Suppose 5*z - 11 = 2*d - 0*d, -4*d + z = 13. Determine y(d).
3
Let b(n) = -2. Let j(m) = -1. Let y(k) = 2*b(k) - 5*j(k). Let u(d) = d - 9. Let t(f) = -u(f) - 3*y(f). Give t(0).
6
Let r be (-4)/18 + 83/9. Let x = 6 - r. Let u(n) = -2*n - n - 5*n**2 - n**3 + 8 - 5. Calculate u(x).
-6
Let o(g) be the third derivative of -g**9/60480 + g**8/2520 - g**7/840 - g**6/72 - g**5/12 - 3*g**2. Let t(n) be the third derivative of o(n). Calculate t(7).
-3
Let d(q) = -q**2 - 6*q + 9. Let w be d(-7). Suppose -w*j - 4 = -0*j, 2*c + 5*j - 2 = 0. Let y(l) = -2*l - 3 + c + l**2 + 4*l. Give y(-2).
3
Let a = 186 + -186. Let x(g) = -g**2 - 1. Let m(z) = -z**2 - 1. Let n(b) = -2*m(b) + x(b). Calculate n(a).
1
Let u(a) = 2*a**2 + 3*a - 4. Let n be u(-3). Suppose -n*s - w - 9 = -2*s, -4*s + 2*w = 22. Let y(v) = v**3 + 4*v**2 - 2*v - 3. Determine y(s).
5
Let n(s) = 10*s**2 + s + 1. Suppose -2*v + 8 = 2*v. Let f(u) = 4 - 7 + 3*u - 9 - v*u. Let m be f(11). Determine n(m).
10
Let y(h) = 12 + 8 + 2*h - 19 - h**2. Give y(4).
-7
Let s(i) = 5*i**2 + 2*i - 1. Let u(z) = 8*z**2 - 1. Let m(c) = 7*c**2 - c - 1. Let w(g) = -3*m(g) + 4*u(g). Let y(p) = -13*s(p) + 6*w(p). Calculate y(6).
-5
Let j = -26 + 32. Let g(i) = i**2 - 6*i - 3. Give g(j).
-3
Let s(t) = -t**3 - 4*t**2 + 7*t + 5. Let v = 7 - 4. Suppose v*u = 4*j + 17, 5*u + 6 = j + 23. Suppose b + 2 = -u. Give s(b).
-5
Let z(v) = -v + 4. Let j be (4/(-10))/((-4)/(-40)). Let c(d) = d - 3. Let s(m) = j*z(m) - 5*c(m). Suppose -4*x - 2 = -3*n - 3, -5*x = -5*n + 5. What is s(x)?
-5
Let c(a) = -2*a + 9. Let u(l) = -l. Let b(z) = -c(z) + 3*u(z). Let w be b(-4). Let m(h) = -h**3 - 4*h**2 + 5*h - 7. Give m(w).
-7
Let v = -3 + 0. Let o(p) = 4*p - 4. Let h(l) = 7*l - 7. Let i(q) = v*h(q) + 5*o(q). Let m = 4 - -1. Calculate i(m).
-4
Let y be (-2)/(-4) + 11/(-22). Let j(z) = -z**2 - z - 3. Give j(y).
-3
Let h(n) be the third derivative of -2*n**2 + 0*n - 1/12*n**4 + 0 + 7/6*n**3. What is h(6)?
-5
Let x(u) be the third derivative of -u**4/8 + 3*u**2. Let f = 1 - 2. What is x(f)?
3
Let o(r) = -7*r - 8. Let n(h) = 6*h + 8. Let f(x) = 6*n(x) + 5*o(x). Let b be f(-6). Let z(c) = 3*c - 2. What is z(b)?
4
Let s(x) be the third derivative of -x**6/120 - 2*x**5/15 - 5*x**3/3 - x**2 + 6. Give s(-8).
-10
Let a be 1/(4*4/32). Let u(g) be the second derivative of 0 - 1/6*g**3 - 2*g**a - 1/20*g**5 + 2*g - 1/12*g**4. Calculate u(0).
-4
Let u be 5/((-60)/68) - 3/9. Let f(p) = p**3 + 7*p**2 + 7*p + 6. Determine f(u).
0
Let f(u) = 4 + u + 3 + 1 - 3. Let i be f(-3). Let y(l) = -2*l**3 + 3*l**2 - 3*l + 3. Calculate y(i).
-7
Let v(q) = -11*q - 2. Let d(m) = 5*m + 1. Let z = 7 - 4. Let i(n) = z*v(n) + 7*d(n). Let f be (1 - 0)/((-1)/(-3)). What is i(f)?
7
Let y(d) be the second derivative of -d**5/20 - d**4/4 + 7*d**3/6 + 3*d**2 + 2*d. Suppose 0 = 3*b - b - 42. Suppose -5 = -4*m - b. What is y(m)?
-6
Let r = -4 + 7. Suppose 5*q + 0 + 22 = r*x, -q - 4 = -x. Let l(s) = 165 - 165 - s**2. Give l(x).
-1
Let j(l) = -l - 5 + 6 - 10. Calculate j(-7).
-2
Let c(g) be the first derivative of -g**4/4 - g**3/3 - g**2/2 - 2*g - 13. Let i = -4 + 2. Give c(i).
4
Let o(r) = -4*r**2 + 13*r + 13. Let b(s) = 5*s**2 - 14*s - 14. Let x(h) = -5*b(h) - 6*o(h). Calculate x(-7).
-1
Let j(w) be the second derivative of -w**5/20 - w**4/6 + w**3/2 - w**2 + 5*w. Let a(t) = t + 2. Let l be a(-2). Suppose -h + 2*h + 3 = l. Give j(h).
-2
Suppose 6*b = 3*b - 21. Let u = -9 - b. Let m(d) = -d**2 + 2*d - 1. What is m(u)?
-9
Let c(r) = r**3 + 5*r**2 - 5. Let m(q) = q**2 + 9*q - 5. Let u be m(-9). Let o be c(u). Let a(t) = -t**2 - 6*t - 1. Determine a(o).
4
Let i be 2*(2 + 1/2). Let l(q) = 1. Let g(j) = -j + 1. Let u(n) = g(n) - l(n). Let w(h) = -4*h - 3. Let r(c) = 5*u(c) - w(c). Determine r(i).
-2
Let l be 1 + 2/2 + -7. Let u(z) be the third derivative of z**6/120 + z**5/10 + z**4/6 + 2*z**3/3 - 43*z**2. What is u(l)?
9
Let r be 2/(-2) + 2 + 2. Let g(b) be the first derivative of 6*b + 2*b**2 - r*b - b**2 - 1. Determine g(-3).
-3
Suppose 0 = 5*g - 40 + 5. Let i(x) = -x**3 - 11*x**2 - 4*x + 2*x + 9*x + 17*x**2 - 9. What is i(g)?
-9
Let o(c) be the third derivative of c**5/60 + 7*c**4/24 - c**3/3 - 23*c**2. Calculate o(-6).
-8
Let a(q) = -q**2 + 4*q. Let m be (-6)/(-3 + 4/4). Calculate a(m).
3
Suppose 2 - 18 = -4*w. Let f(k) = k**3 - 3*k**2 - 3*k - 5. Let g be f(w). Let y(u) = -7*u**2 - u - 1. What is y(g)?
-7
Let y(x) = -2*x - 4. Let j = -165 - -161. What is y(j)?
4
Let d(z) = -4*z - 4. Let r be d(-2). Let i(s) = 3*s**2 + s. Let h be i(-1). Let o(b) = -b + 0*b**h - 1 + b**3 - 4*b**2 + 0*b + 2*b. Calculate o(r).
3
Let y = -1/462 + 97/9240. Let x(r) be the third derivative of 0*r + y*r**6 + 0 - 1/6*r**3 - 2*r**2 - 1/8*r**4 + 1/30*r**5. Calculate x(-2).
5
Let w be (-3)/(-30)*5 + 1/2. Let q(f) = -23*f**2 + f - 1. What is q(w)?
-23
Suppose 5*o + x + 2 = -1, -10 = 4*o - 3*x. Let p(i) be the third derivative of 0*i**3 + 0 + 2*i**2 - 1/120*i**6 - 1/24*i**4 + 0*i - 1/30*i**5. What is p(o)?
0
Let f(h) = -9 - h - h**2 + h. Let n = 13 + -7. Suppose -n*y = -2*y. What is f(y)?
-9
Suppose 6*v - 12 = 2*v. Suppose v*d = 4*d + 3. Let u(l) be the first derivative of 3*l**2/2 + 4*l + 13. Determine u(d).
-5
Let o(m) = 1 + 0 - m + 0. Determine o(4).
-3
Let z(s) = 10*s**2 - 2*s - 1. Let r be -3 + (-2 - -1) + 3. Calculate z(r).
11
Let m(z) = z**3 - 2*z**2 + 2*z**2 + 1 + 5. Let y = -14 + 14. Give m(y).
6
Let j = 2 - -3. Let t(m) = -m**3 + m**2 + 3*m - 2. Let g be t(2). Suppose g*s = -s + n - 1, -2*n + 17 = -j*s. Let k(y) = y + 6. Calculate k(s).
1
Let q(u) be the first derivative of -u**7/840 - u**6/72 + u**5/24 - u**4/24 + 2*u**3/3 + 3. Let i(y) be the third derivative of q(y). Calculate i(-6).
5
Let u(a) = -a + 15. Let l be u(13). Let k(g) = -1 - 7*g**3 + 3 + 8*g**3 - 5*g - 2*g**l. Give k(3).
-4
Let m(f) = -4*f**3 + 6*f**2 - 5*f - 1. Let b(i) = -11*i**3 + 17*i**2 - 14*i - 3. Let p(r) = -3*b(r) + 8*m(r). Calculate p(3).
7
Let z be -1*(-1)/(-1) + 0. Let p be (5 - 3) + z - -1. Let t(y) = -y - 2. What is t(p)?
-4
Let t(p) = -p**3 + 3*p**2 - p + 3. Let g be t(3). Let w(j) = g*j**2 + 26*j**3 - 1 + 3*j**2 - 24*j**3. Calculate w(-2).
-5
Suppose -3*k - 3 + 12 = 0. Let o(h) = -h**3 + 3*h**2 - h + 1. Let n be o(k). Let d(t) = -3*t**2 - t. Give d(n).
-10
Let l(w) = w**3 - w**2 - w + 1. Let s be (8/12)/((-4)/(-54)). Suppose 0 = 4*i - s + 1. Suppose z - i = -1. Calculate l(z).
0
Suppose 3 + 1 = q. Let k be 25/10 + (-2)/4. Let i(u) = 3*u**3 - 3 + u - 4*u**3 + 2*u**3 + u - 4*u**k. Give i(q).
5
Let r(n) = -5*n + 7. Let g(o) = -o. Let j(c) = 6*g(c) - r(c). Let z be j(-12). Let w(s) = s**2 - 4*s - 3.